{"id":361,"date":"2024-01-12T12:29:56","date_gmt":"2024-01-12T11:29:56","guid":{"rendered":"https:\/\/spenden.liquid.ag\/?page_id=361"},"modified":"2024-01-12T12:29:56","modified_gmt":"2024-01-12T11:29:56","slug":"liquid-weihnachten-2023-abschluss","status":"publish","type":"page","link":"https:\/\/spenden.liquid.ag\/","title":{"rendered":"LIQUID &#8211; Weihnachten 2023 Abschluss"},"content":{"rendered":"\n<div id=\"grp_voteblock\" class=\"wp-block-group is-vertical is-content-justification-stretch is-nowrap is-layout-flex wp-container-core-group-is-layout-4cf07828 wp-block-group-is-layout-flex\" style=\"margin-top:0;margin-bottom:0;padding-top:0;padding-right:0;padding-bottom:0;padding-left:0\">\n<div class=\"wp-block-group has-global-padding is-layout-constrained wp-block-group-is-layout-constrained\">\n<div id=\"grp_page_1\" class=\"wp-block-group has-background is-vertical is-content-justification-center is-nowrap is-layout-flex wp-container-core-group-is-layout-c6b3d1d7 wp-block-group-is-layout-flex\" style=\"background-color:#7da0a5;margin-top:0;margin-bottom:0;padding-top:var(--wp--preset--spacing--20);padding-right:0;padding-bottom:0;padding-left:0\">\n<figure class=\"wp-block-image size-full is-resized is-style-default\"><img loading=\"lazy\" decoding=\"async\" width=\"1440\" height=\"880\" src=\"https:\/\/spenden.liquid.ag\/wp-content\/uploads\/2024\/01\/landing-page-header-2-v3-1.png\" alt=\"\" class=\"wp-image-379\" style=\"width:313px\" srcset=\"https:\/\/spenden.liquid.ag\/wp-content\/uploads\/2024\/01\/landing-page-header-2-v3-1.png 1440w, https:\/\/spenden.liquid.ag\/wp-content\/uploads\/2024\/01\/landing-page-header-2-v3-1-300x183.png 300w, https:\/\/spenden.liquid.ag\/wp-content\/uploads\/2024\/01\/landing-page-header-2-v3-1-1024x626.png 1024w, https:\/\/spenden.liquid.ag\/wp-content\/uploads\/2024\/01\/landing-page-header-2-v3-1-768x469.png 768w\" sizes=\"auto, (max-width: 1440px) 100vw, 1440px\" \/><\/figure>\n<\/div>\n\n\n\n<div id=\"grp_page_4\" class=\"wp-block-group is-vertical is-content-justification-stretch is-nowrap is-layout-flex wp-container-core-group-is-layout-1598a7c7 wp-block-group-is-layout-flex\" style=\"margin-top:0;margin-bottom:0;padding-top:0;padding-right:0;padding-bottom:0;padding-left:0\">\n<div id=\"grp_page_4_oceanCleanup\" class=\"wp-block-group has-background is-vertical is-content-justification-stretch is-nowrap is-layout-flex wp-container-core-group-is-layout-73b0033c wp-block-group-is-layout-flex\" style=\"background-color:#7da0a5\">\n<div class=\"wp-block-group has-base-2-color has-text-color has-link-color wp-elements-329c03a69dab78014f38d7267e16a78f is-vertical is-content-justification-left is-nowrap is-layout-flex wp-container-core-group-is-layout-e32dfd49 wp-block-group-is-layout-flex\" style=\"padding-top:3rem;padding-right:2rem;padding-bottom:3rem;padding-left:2rem\">\n<figure class=\"wp-block-image size-full\"><img loading=\"lazy\" decoding=\"async\" width=\"656\" height=\"54\" src=\"https:\/\/spenden.liquid.ag\/wp-content\/uploads\/2023\/11\/page_4_headerLink_theOceanGroup_noLink.png\" alt=\"\" class=\"wp-image-328\" srcset=\"https:\/\/spenden.liquid.ag\/wp-content\/uploads\/2023\/11\/page_4_headerLink_theOceanGroup_noLink.png 656w, https:\/\/spenden.liquid.ag\/wp-content\/uploads\/2023\/11\/page_4_headerLink_theOceanGroup_noLink-300x25.png 300w\" sizes=\"auto, (max-width: 656px) 100vw, 656px\" \/><\/figure>\n\n\n\n<p class=\"projectLinkText\"><a href=\"https:\/\/www.theoceancleanup.com\" target=\"_blank\" rel=\"noreferrer noopener\">\u27a6 www.theoceancleanup.com<\/a><\/p>\n<\/div>\n\n\n\n<div class=\"wp-block-group has-global-padding is-layout-constrained wp-container-core-group-is-layout-007f17c6 wp-block-group-is-layout-constrained\" style=\"padding-right:2rem;padding-left:2rem\">\n<figure class=\"wp-block-image aligncenter size-full\"><img loading=\"lazy\" decoding=\"async\" width=\"400\" height=\"401\" src=\"https:\/\/spenden.liquid.ag\/wp-content\/uploads\/2023\/11\/page_4_img_theOceanGroup.png\" alt=\"Image Page 4 - Ocean Cleanup\" class=\"wp-image-67\" srcset=\"https:\/\/spenden.liquid.ag\/wp-content\/uploads\/2023\/11\/page_4_img_theOceanGroup.png 400w, https:\/\/spenden.liquid.ag\/wp-content\/uploads\/2023\/11\/page_4_img_theOceanGroup-300x300.png 300w, https:\/\/spenden.liquid.ag\/wp-content\/uploads\/2023\/11\/page_4_img_theOceanGroup-150x150.png 150w\" sizes=\"auto, (max-width: 400px) 100vw, 400px\" \/><\/figure>\n<\/div>\n\n\n\n<div class=\"wp-block-group is-layout-flow wp-block-group-is-layout-flow\" style=\"padding-top:1.5rem;padding-right:2rem;padding-bottom:3rem;padding-left:2rem\">\n<div class=\"wp-block-group is-vertical is-content-justification-stretch is-nowrap is-layout-flex wp-container-core-group-is-layout-f49a67ab wp-block-group-is-layout-flex\" style=\"padding-right:var(--wp--preset--spacing--30);padding-left:var(--wp--preset--spacing--30)\">\n<div class=\"wp-block-group has-global-padding is-layout-constrained wp-container-core-group-is-layout-8798a6cd wp-block-group-is-layout-constrained\" style=\"margin-top:0;margin-bottom:0;padding-right:0;padding-left:0\">\n<figure class=\"wp-block-image aligncenter size-full is-resized\"><img loading=\"lazy\" decoding=\"async\" width=\"720\" height=\"139\" src=\"https:\/\/spenden.liquid.ag\/wp-content\/uploads\/2024\/01\/white-arrows.png\" alt=\"\" class=\"wp-image-363\" style=\"width:104px;height:auto\" srcset=\"https:\/\/spenden.liquid.ag\/wp-content\/uploads\/2024\/01\/white-arrows.png 720w, https:\/\/spenden.liquid.ag\/wp-content\/uploads\/2024\/01\/white-arrows-300x58.png 300w\" sizes=\"auto, (max-width: 720px) 100vw, 720px\" \/><\/figure>\n<\/div>\n\n\n\n<div class=\"wp-block-group has-global-padding is-content-justification-center is-layout-constrained wp-container-core-group-is-layout-4b38b0a7 wp-block-group-is-layout-constrained\" style=\"border-bottom-color:var(--wp--preset--color--base-2);border-bottom-width:2px;margin-top:0;margin-bottom:0;padding-right:0;padding-left:0\">\n<p class=\"has-text-align-center has-base-2-color has-text-color has-link-color wp-elements-e3894626430c02e40a9f542f5749cf42\" style=\"margin-right:0;margin-left:0;padding-right:0;padding-left:0;font-size:clamp(1.743rem, 1.743rem + ((1vw - 0.2rem) * 5.028), 3rem);\">2.154\u20ac<\/p>\n<\/div>\n<\/div>\n<\/div>\n<\/div>\n\n\n\n<div id=\"grp_page_4_kleinerprinz\" class=\"wp-block-group has-background is-vertical is-content-justification-stretch is-nowrap is-layout-flex wp-container-core-group-is-layout-d43721b1 wp-block-group-is-layout-flex\" style=\"background-color:#5f5078\">\n<div class=\"wp-block-group is-vertical is-nowrap is-layout-flex wp-container-core-group-is-layout-97a3a88f wp-block-group-is-layout-flex\" style=\"padding-top:3rem;padding-right:2rem;padding-bottom:3rem;padding-left:2rem\">\n<figure class=\"wp-block-image size-full\"><img loading=\"lazy\" decoding=\"async\" width=\"656\" height=\"54\" src=\"https:\/\/spenden.liquid.ag\/wp-content\/uploads\/2023\/11\/page_4_headerLink_aktionKleinerPrinz_noLink.png\" alt=\"\" class=\"wp-image-329\" srcset=\"https:\/\/spenden.liquid.ag\/wp-content\/uploads\/2023\/11\/page_4_headerLink_aktionKleinerPrinz_noLink.png 656w, https:\/\/spenden.liquid.ag\/wp-content\/uploads\/2023\/11\/page_4_headerLink_aktionKleinerPrinz_noLink-300x25.png 300w\" sizes=\"auto, (max-width: 656px) 100vw, 656px\" \/><\/figure>\n\n\n\n<p class=\"projectLinkText\"><a href=\"https:\/\/www.aktion-kleiner-prinz.de\" target=\"_blank\" rel=\"noreferrer noopener\">\u27a6 www.aktion-kleiner-prinz.de<\/a><\/p>\n<\/div>\n\n\n\n<div class=\"wp-block-group has-global-padding is-layout-constrained wp-container-core-group-is-layout-007f17c6 wp-block-group-is-layout-constrained\" style=\"padding-right:2rem;padding-left:2rem\">\n<figure class=\"wp-block-image aligncenter size-full\"><img loading=\"lazy\" decoding=\"async\" width=\"400\" height=\"401\" src=\"https:\/\/spenden.liquid.ag\/wp-content\/uploads\/2023\/11\/page_4_img_aktionKleinerPrinz.png\" alt=\"Image Page 4 - Kleiner Prinz\" class=\"wp-image-64\" srcset=\"https:\/\/spenden.liquid.ag\/wp-content\/uploads\/2023\/11\/page_4_img_aktionKleinerPrinz.png 400w, https:\/\/spenden.liquid.ag\/wp-content\/uploads\/2023\/11\/page_4_img_aktionKleinerPrinz-300x300.png 300w, https:\/\/spenden.liquid.ag\/wp-content\/uploads\/2023\/11\/page_4_img_aktionKleinerPrinz-150x150.png 150w\" sizes=\"auto, (max-width: 400px) 100vw, 400px\" \/><\/figure>\n<\/div>\n\n\n\n<div class=\"wp-block-group is-vertical is-content-justification-stretch is-layout-flex wp-container-core-group-is-layout-7cf9866a wp-block-group-is-layout-flex\" style=\"padding-top:1.5rem;padding-right:5rem;padding-bottom:3rem;padding-left:5rem\">\n<div class=\"wp-block-group is-vertical is-content-justification-stretch is-nowrap is-layout-flex wp-container-core-group-is-layout-73b0033c wp-block-group-is-layout-flex\">\n<div class=\"wp-block-group has-global-padding is-layout-constrained wp-container-core-group-is-layout-8798a6cd wp-block-group-is-layout-constrained\" style=\"margin-top:0;margin-bottom:0;padding-right:0;padding-left:0\">\n<figure class=\"wp-block-image aligncenter size-full is-resized\"><img loading=\"lazy\" decoding=\"async\" width=\"720\" height=\"139\" src=\"https:\/\/spenden.liquid.ag\/wp-content\/uploads\/2024\/01\/white-arrows.png\" alt=\"\" class=\"wp-image-363\" style=\"width:104px;height:auto\" srcset=\"https:\/\/spenden.liquid.ag\/wp-content\/uploads\/2024\/01\/white-arrows.png 720w, https:\/\/spenden.liquid.ag\/wp-content\/uploads\/2024\/01\/white-arrows-300x58.png 300w\" sizes=\"auto, (max-width: 720px) 100vw, 720px\" \/><\/figure>\n<\/div>\n\n\n\n<div class=\"wp-block-group is-vertical is-content-justification-stretch is-nowrap is-layout-flex wp-container-core-group-is-layout-8888315b wp-block-group-is-layout-flex\" style=\"border-bottom-color:var(--wp--preset--color--base-2);border-bottom-width:2px;margin-top:0;margin-bottom:0\">\n<p class=\"has-text-align-center has-base-2-color has-text-color has-link-color wp-elements-0e8036f3cdfaba61b626841cb4cfb559\" style=\"font-size:clamp(1.743rem, 1.743rem + ((1vw - 0.2rem) * 5.028), 3rem);\">Platz 2<\/p>\n<\/div>\n<\/div>\n<\/div>\n<\/div>\n\n\n\n<div id=\"grp_page_4_nabu\" class=\"wp-block-group has-background is-vertical is-content-justification-stretch is-nowrap is-layout-flex wp-container-core-group-is-layout-d43721b1 wp-block-group-is-layout-flex\" style=\"background-color:#91a078\">\n<div class=\"wp-block-group is-vertical is-nowrap is-layout-flex wp-container-core-group-is-layout-97a3a88f wp-block-group-is-layout-flex\" style=\"padding-top:3rem;padding-right:2rem;padding-bottom:3rem;padding-left:2rem\">\n<figure class=\"wp-block-image size-full\"><img loading=\"lazy\" decoding=\"async\" width=\"656\" height=\"104\" src=\"https:\/\/spenden.liquid.ag\/wp-content\/uploads\/2023\/11\/page_4_headerLink_nabu_noLink.png\" alt=\"\" class=\"wp-image-330\" srcset=\"https:\/\/spenden.liquid.ag\/wp-content\/uploads\/2023\/11\/page_4_headerLink_nabu_noLink.png 656w, https:\/\/spenden.liquid.ag\/wp-content\/uploads\/2023\/11\/page_4_headerLink_nabu_noLink-300x48.png 300w\" sizes=\"auto, (max-width: 656px) 100vw, 656px\" \/><\/figure>\n\n\n\n<p class=\"projectLinkText\"><a href=\"https:\/\/www.nabu.de\" target=\"_blank\" rel=\"noreferrer noopener\">\u27a6 www.nabu.de<\/a><\/p>\n<\/div>\n\n\n\n<div class=\"wp-block-group has-global-padding is-layout-constrained wp-container-core-group-is-layout-007f17c6 wp-block-group-is-layout-constrained\" style=\"padding-right:2rem;padding-left:2rem\">\n<figure class=\"wp-block-image aligncenter size-full\"><img loading=\"lazy\" decoding=\"async\" width=\"400\" height=\"401\" src=\"https:\/\/spenden.liquid.ag\/wp-content\/uploads\/2023\/11\/page_4_img_nabu.png\" alt=\"Image Page 4 - Nabu\" class=\"wp-image-65\" srcset=\"https:\/\/spenden.liquid.ag\/wp-content\/uploads\/2023\/11\/page_4_img_nabu.png 400w, https:\/\/spenden.liquid.ag\/wp-content\/uploads\/2023\/11\/page_4_img_nabu-300x300.png 300w, https:\/\/spenden.liquid.ag\/wp-content\/uploads\/2023\/11\/page_4_img_nabu-150x150.png 150w\" sizes=\"auto, (max-width: 400px) 100vw, 400px\" \/><\/figure>\n<\/div>\n\n\n\n<div class=\"wp-block-group is-vertical is-content-justification-stretch is-layout-flex wp-container-core-group-is-layout-b94a525e wp-block-group-is-layout-flex\" style=\"padding-top:1.5rem;padding-right:5rem;padding-bottom:3rem;padding-left:5rem\">\n<div class=\"wp-block-group is-vertical is-content-justification-stretch is-nowrap is-layout-flex wp-container-core-group-is-layout-73b0033c wp-block-group-is-layout-flex\">\n<div class=\"wp-block-group has-global-padding is-layout-constrained wp-container-core-group-is-layout-8798a6cd wp-block-group-is-layout-constrained\" style=\"margin-top:0;margin-bottom:0;padding-right:0;padding-left:0\">\n<figure class=\"wp-block-image aligncenter size-full is-resized\"><img loading=\"lazy\" decoding=\"async\" width=\"720\" height=\"139\" src=\"https:\/\/spenden.liquid.ag\/wp-content\/uploads\/2024\/01\/white-arrows.png\" alt=\"\" class=\"wp-image-363\" style=\"width:104px;height:auto\" srcset=\"https:\/\/spenden.liquid.ag\/wp-content\/uploads\/2024\/01\/white-arrows.png 720w, https:\/\/spenden.liquid.ag\/wp-content\/uploads\/2024\/01\/white-arrows-300x58.png 300w\" sizes=\"auto, (max-width: 720px) 100vw, 720px\" \/><\/figure>\n<\/div>\n\n\n\n<div class=\"wp-block-group is-vertical is-content-justification-stretch is-nowrap is-layout-flex wp-container-core-group-is-layout-8888315b wp-block-group-is-layout-flex\" style=\"border-radius:0px;border-bottom-color:var(--wp--preset--color--base-2);border-bottom-style:solid;border-bottom-width:2px;margin-top:0;margin-bottom:0\">\n<div class=\"wp-block-group is-vertical is-content-justification-stretch is-nowrap is-layout-flex wp-container-core-group-is-layout-8888315b wp-block-group-is-layout-flex\" style=\"margin-top:0;margin-bottom:0\">\n<p class=\"has-text-align-center has-base-2-color has-text-color has-link-color wp-elements-67e01d4ee376b8b771dab076eea9c100\" style=\"font-size:clamp(1.743rem, 1.743rem + ((1vw - 0.2rem) * 5.028), 3rem);\">Platz 3<\/p>\n<\/div>\n<\/div>\n<\/div>\n<\/div>\n<\/div>\n\n\n\n<div id=\"grp_page_4_tafel\" class=\"wp-block-group has-background is-vertical is-content-justification-stretch is-nowrap is-layout-flex wp-container-core-group-is-layout-af611a90 wp-block-group-is-layout-flex\" style=\"background-color:#965f64;padding-bottom:0\">\n<div class=\"wp-block-group is-vertical is-nowrap is-layout-flex wp-container-core-group-is-layout-97a3a88f wp-block-group-is-layout-flex\" style=\"padding-top:3rem;padding-right:2rem;padding-bottom:3rem;padding-left:2rem\">\n<figure class=\"wp-block-image size-full\"><img loading=\"lazy\" decoding=\"async\" width=\"656\" height=\"54\" src=\"https:\/\/spenden.liquid.ag\/wp-content\/uploads\/2023\/11\/page_4_headerLink_tafel_noLink.png\" alt=\"\" class=\"wp-image-331\" srcset=\"https:\/\/spenden.liquid.ag\/wp-content\/uploads\/2023\/11\/page_4_headerLink_tafel_noLink.png 656w, https:\/\/spenden.liquid.ag\/wp-content\/uploads\/2023\/11\/page_4_headerLink_tafel_noLink-300x25.png 300w\" sizes=\"auto, (max-width: 656px) 100vw, 656px\" \/><\/figure>\n\n\n\n<p class=\"projectLinkText\"><a href=\"https:\/\/www.tafel.de\" target=\"_blank\" rel=\"noreferrer noopener\">\u27a6 www.tafel.de<\/a><\/p>\n<\/div>\n\n\n\n<div class=\"wp-block-group has-global-padding is-layout-constrained wp-container-core-group-is-layout-007f17c6 wp-block-group-is-layout-constrained\" style=\"padding-right:2rem;padding-left:2rem\">\n<figure class=\"wp-block-image aligncenter size-full\"><img loading=\"lazy\" decoding=\"async\" width=\"400\" height=\"401\" src=\"https:\/\/spenden.liquid.ag\/wp-content\/uploads\/2023\/11\/page_4_img_tafel.png\" alt=\"Image Page 4 - Tafel\" class=\"wp-image-66\" srcset=\"https:\/\/spenden.liquid.ag\/wp-content\/uploads\/2023\/11\/page_4_img_tafel.png 400w, https:\/\/spenden.liquid.ag\/wp-content\/uploads\/2023\/11\/page_4_img_tafel-300x300.png 300w, https:\/\/spenden.liquid.ag\/wp-content\/uploads\/2023\/11\/page_4_img_tafel-150x150.png 150w\" sizes=\"auto, (max-width: 400px) 100vw, 400px\" \/><\/figure>\n<\/div>\n\n\n\n<div class=\"wp-block-group is-vertical is-content-justification-stretch is-layout-flex wp-container-core-group-is-layout-b94a525e wp-block-group-is-layout-flex\" style=\"padding-top:1.5rem;padding-right:5rem;padding-bottom:3rem;padding-left:5rem\">\n<div class=\"wp-block-group is-vertical is-content-justification-stretch is-nowrap is-layout-flex wp-container-core-group-is-layout-73b0033c wp-block-group-is-layout-flex\">\n<div class=\"wp-block-group has-global-padding is-layout-constrained wp-container-core-group-is-layout-8798a6cd wp-block-group-is-layout-constrained\" style=\"margin-top:0;margin-bottom:0;padding-right:0;padding-left:0\">\n<figure class=\"wp-block-image aligncenter size-full is-resized\"><img loading=\"lazy\" decoding=\"async\" width=\"720\" height=\"139\" src=\"https:\/\/spenden.liquid.ag\/wp-content\/uploads\/2024\/01\/white-arrows.png\" alt=\"\" class=\"wp-image-363\" style=\"width:104px;height:auto\" srcset=\"https:\/\/spenden.liquid.ag\/wp-content\/uploads\/2024\/01\/white-arrows.png 720w, https:\/\/spenden.liquid.ag\/wp-content\/uploads\/2024\/01\/white-arrows-300x58.png 300w\" sizes=\"auto, (max-width: 720px) 100vw, 720px\" \/><\/figure>\n<\/div>\n\n\n\n<div class=\"wp-block-group is-vertical is-content-justification-stretch is-nowrap is-layout-flex wp-container-core-group-is-layout-8888315b wp-block-group-is-layout-flex\" style=\"border-bottom-color:var(--wp--preset--color--base);border-bottom-width:2px;margin-top:0;margin-bottom:0\">\n<p class=\"has-text-align-center has-base-2-color has-text-color has-link-color wp-elements-949ed93a78a0204ad9bf9b81cc4161de\" style=\"font-size:clamp(1.743rem, 1.743rem + ((1vw - 0.2rem) * 5.028), 3rem);\">Platz 4<\/p>\n<\/div>\n<\/div>\n<\/div>\n<\/div>\n<\/div>\n<\/div>\n<\/div>\n\n\n\n<div class=\"wp-block-group has-global-padding is-layout-constrained wp-container-core-group-is-layout-58acc195 wp-block-group-is-layout-constrained\" style=\"padding-top:var(--wp--preset--spacing--30);padding-right:var(--wp--preset--spacing--20);padding-bottom:var(--wp--preset--spacing--30);padding-left:var(--wp--preset--spacing--20)\">\n<p style=\"margin-top:0;margin-right:0;margin-bottom:0;margin-left:0;padding-top:0;padding-right:0;padding-bottom:0;padding-left:0\">Wir sorgen f\u00fcr eine zuverl\u00e4ssige Auszahlung an alle Projekte. Diesen w\u00fcnschen wir viel Tatendrang f\u00fcr 2024.<\/p>\n<\/div>\n","protected":false},"excerpt":{"rendered":"<p>\u27a6 www.theoceancleanup.com 2.154\u20ac \u27a6 www.aktion-kleiner-prinz.de Platz 2 \u27a6 www.nabu.de Platz 3 \u27a6 www.tafel.de Platz 4 Wir sorgen f\u00fcr eine zuverl\u00e4ssige Auszahlung an alle Projekte. Diesen w\u00fcnschen wir viel Tatendrang f\u00fcr 2024.<\/p>\n","protected":false},"author":1,"featured_media":0,"parent":0,"menu_order":0,"comment_status":"closed","ping_status":"closed","template":"page-no-title","meta":{"footnotes":""},"class_list":["post-361","page","type-page","status-publish","hentry"],"_links":{"self":[{"href":"https:\/\/spenden.liquid.ag\/index.php?rest_route=\/wp\/v2\/pages\/361","targetHints":{"allow":["GET"]}}],"collection":[{"href":"https:\/\/spenden.liquid.ag\/index.php?rest_route=\/wp\/v2\/pages"}],"about":[{"href":"https:\/\/spenden.liquid.ag\/index.php?rest_route=\/wp\/v2\/types\/page"}],"author":[{"embeddable":true,"href":"https:\/\/spenden.liquid.ag\/index.php?rest_route=\/wp\/v2\/users\/1"}],"replies":[{"embeddable":true,"href":"https:\/\/spenden.liquid.ag\/index.php?rest_route=%2Fwp%2Fv2%2Fcomments&post=361"}],"version-history":[{"count":18,"href":"https:\/\/spenden.liquid.ag\/index.php?rest_route=\/wp\/v2\/pages\/361\/revisions"}],"predecessor-version":[{"id":385,"href":"https:\/\/spenden.liquid.ag\/index.php?rest_route=\/wp\/v2\/pages\/361\/revisions\/385"}],"wp:attachment":[{"href":"https:\/\/spenden.liquid.ag\/index.php?rest_route=%2Fwp%2Fv2%2Fmedia&parent=361"}],"curies":[{"name":"wp","href":"https:\/\/api.w.org\/{rel}","templated":true}]}}